lse
Is 26 a factor of 3224?
True
Is 2867 a multiple of 61?
True
Is 6 a factor of 2547?
False
Does 36 divide 1319?
False
Does 40 divide 118?
False
Is 48 a factor of 3168?
True
Does 42 divide 209?
False
Is 6351 a multiple of 159?
False
Is 9 a factor of 90?
True
Is 715 a multiple of 13?
True
Is 21 a factor of 5271?
True
Is 14 a factor of 3867?
False
Is 494 a multiple of 38?
True
Does 42 divide 23175?
False
Is 3 a factor of 1654?
False
Does 53 divide 1219?
True
Is 120 a factor of 840?
True
Is 9 a factor of 72?
True
Is 3252 a multiple of 6?
True
Is 4 a factor of 200?
True
Is 5 a factor of 34995?
True
Is 449 a multiple of 6?
False
Is 1859 a multiple of 13?
True
Does 3 divide 734?
False
Is 10870 a multiple of 270?
False
Is 39005 a multiple of 7?
False
Is 4 a factor of 2842?
False
Is 12567 a multiple of 72?
False
Does 17 divide 1450?
False
Is 17974 a multiple of 86?
True
Is 3 a factor of 66?
True
Does 21 divide 2378?
False
Is 2948 a multiple of 22?
True
Is 9477 a multiple of 13?
True
Is 4145 a multiple of 11?
False
Is 2869 a multiple of 8?
False
Is 12 a factor of 12144?
True
Is 15800 a multiple of 8?
True
Is 721 a multiple of 6?
False
Is 2134 a multiple of 8?
False
Does 23 divide 24817?
True
Is 34 a factor of 782?
True
Does 28 divide 30716?
True
Is 100 a factor of 272?
False
Is 28 a factor of 4703?
False
Is 10652 a multiple of 5?
False
Is 35 even?
False
Does 6 divide 6312?
True
Is 18 a factor of 887?
False
Is 5 a factor of 25?
True
Is 18 a factor of 288?
True
Is 73 a factor of 306?
False
Does 12 divide 250?
False
Is 225 a factor of 12375?
True
Is 27 a factor of 567?
True
Is 15 a factor of 51706?
False
Is 72 a factor of 12168?
True
Is 17 a factor of 397?
False
Is 4 a factor of 2472?
True
Is 48 a factor of 2192?
False
Is 54 a factor of 32346?
True
Is 26 a factor of 44174?
True
Is 204 a multiple of 12?
True
Does 28 divide 556?
False
Does 39 divide 30030?
True
Does 46 divide 10868?
False
Is 15 a factor of 93480?
True
Does 11 divide 33600?
False
Is 61 a factor of 111264?
True
Is 21 a factor of 1155?
True
Is 27 a factor of 16956?
True
Is 554 a multiple of 3?
False
Is 6 a factor of 318?
True
Is 1870 a multiple of 5?
True
Does 65 divide 65?
True
Is 5 a factor of 434?
False
Is 2337 a multiple of 11?
False
Is 8410 a multiple of 145?
True
Does 9 divide 2205?
True
Is 1128 a multiple of 10?
False
Does 53 divide 56617?
False
Is 108 a factor of 2700?
True
Is 23 a factor of 4692?
True
Is 35 a factor of 5810?
True
Is 17 a factor of 142?
False
Is 109 a factor of 7085?
True
Is 300 a multiple of 5?
True
Does 7 divide 33983?
False
Does 28 divide 94?
False
Is 4 a factor of 583?
False
Does 59 divide 15605?
False
Does 2 divide 565?
False
Is 81 a factor of 4050?
True
Is 4220 a multiple of 20?
True
Is 10 a factor of 2474?
False
Is 2005 a multiple of 9?
False
Is 512 a multiple of 12?
False
Does 23 divide 15435?
False
Is 21 a factor of 2877?
True
Does 13 divide 6539?
True
Does 24 divide 2090?
False
Does 10 divide 19238?
False
Is 44 a factor of 157?
False
Is 25 a multiple of 9?
False
Is 18553 a multiple of 45?
False
Is 438 a multiple of 6?
True
Is 1045 a multiple of 30?
False
Is 13 a factor of 468?
True
Is 3287 a multiple of 173?
True
Is 66 a factor of 1650?
True
Is 11485 a multiple of 11?
False
Does 12 divide 2193?
False
Does 77 divide 12693?
False
Is 57696 a multiple of 14?
False
Does 22 divide 1232?
True
Does 13 divide 24566?
False
Is 7166 a multiple of 59?
False
Does 117 divide 119808?
True
Is 13 a factor of 11206?
True
Is 9 a factor of 25245?
True
Does 28 divide 57?
False
Is 21 a factor of 1218?
True
Is 2 a factor of 635?
False
Is 84 a factor of 8716?
False
Is 1625 a multiple of 15?
False
Does 106 divide 1378?
True
Is 15 a factor of 509?
False
Is 18 a factor of 5703?
False
Is 9 a factor of 150263?
False
Is 8 a factor of 10625?
False
Does 7 divide 159?
False
Does 2 divide 2614?
True
Does 9 divide 13058?
False
Does 18 divide 537?
False
Is 35190 a multiple of 64?
False
Does 31 divide 499?
False
Is 16539 a multiple of 147?
False
Is 3841 a multiple of 19?
False
Is 53 a factor of 7836?
False
Is 745 a multiple of 4?
False
Does 82 divide 4592?
True
Is 18330 a multiple of 30?
True
Does 38 divide 9319?
False
Does 17 divide 170?
True
Does 22 divide 924?
True
Is 4141 a multiple of 41?
True
Is 3219 a multiple of 17?
False
Is 1261 a multiple of 9?
False
Is 491 a multiple of 28?
False
Is 27 a factor of 1381?
False
Is 47 a factor of 15408?
False
Is 1064 a multiple of 56?
True
Does 7 divide 1016?
False
Does 13 divide 2678?
True
Does 113 divide 7636?
False
Is 67 a factor of 35979?
True
Does 2 divide 589?
False
Is 19 a factor of 39938?
True
Does 4 divide 10976?
True
Is 1775 a multiple of 3?
False
Is 180 a multiple of 30?
True
Does 106 divide 41001?
False
Is 21 a factor of 1783?
False
Is 13896 a multiple of 12?
True
Is 247 a multiple of 19?
True
Does 191 divide 35104?
False
Does 23 divide 437?
True
Is 708 a multiple of 12?
True
Does 92 divide 8464?
True
Is 10 a factor of 530?
True
Is 9 a factor of 300?
False
Is 432 a multiple of 59?
False
Is 1015 a multiple of 29?
True
Is 194 a factor of 16684?
True
Does 23 divide 1554?
False
Is 6 a factor of 98?
False
Is 50 a multiple of 4?
False
Is 1833 a multiple of 3?
True
Is 1796 a multiple of 63?
False
Is 2 a factor of 5999?
False
Does 29 divide 636?
False
Does 227 divide 92162?
True
Is 87 a multiple of 5?
False
Is 197 a multiple of 4?
False
Is 31 a factor of 1860?
True
Is 3042 a multiple of 78?
True
Is 358 a multiple of 4?
False
Is 80 a factor of 803?
False
Is 8029 a multiple of 223?
False
Is 83290 a multiple of 60?
False
Does 24 divide 1072?
False
Does 25 divide 4465?
False
Is 17 a factor of 100?
False
Is 105724 a multiple of 162?
False
Is 3275 a multiple of 7?
False
Does 12 divide 2460?
True
Does 4 divide 3990?
False
Does 303 divide 23828?
False
Is 5 a factor of 218?
False
Does 17 divide 68611?
False
Is 38 a factor of 98458?
True
Is 8410 a multiple of 58?
True
Is 41 a factor of 1681?
True
Is 82 a factor of 701?
False
Does 5 divide 34065?
True
Does 35 divide 2681?
False
Does 47 divide 2222?
False
Is 3 a factor of 1578?
True
Is 759 a multiple of 35?
False
Is 5 a factor of 11270?
True
Is 4206 a multiple of 39?
False
Does 14 divide 1799?
False
Is 468 a multiple of 56?
False
Is 103 a factor of 21321?
True
Is 28 a factor of 254?
False
Does 12 divide 641?
False
Is 3780 a multiple of 14?
True
Is 50490 a multiple of 66?
True
Is 928 a multiple of 31?
False
Does 5 divide 429?
False
Is 992 a multiple of 62?
True
Is 5 a factor of 23560?
True
Does 31 divide 496?
True
Is 1340 a multiple of 64?
False
Does 37 divide 8642?
False
Does 31 divide 3720?
True
Does 16 divide 17274?
False
Does 44 divide 10868?
True
Does 18 divide 1370?
False
Does 10 divide 32215?
False
Is 5190 a multiple of 21?
False
Is 1505 a multiple of 123?
False
Is 2384 a multiple of 16?
True
Is 3297 a multiple of 7?
True
Is 19 a factor of 96449?
False
Is 36210 a multiple of 14?
False
Is 154 a factor of 154?
True
Is 18 a factor of 3978?
True
Does 23 divide 1747?
False
Is 71 even?
False
Is 775 a multiple of 8?
False
Is 84 a factor of 6720?
True
Does 10 divide 57730?
True
Is 21749 a multiple of 9?
False
Is 4320 a multiple of 40?
True
Is 1095 a multiple of 5?
True
Is 4499 a multiple of 8?
False
Is 312 a multiple of 9?
False
Is 1148 a multiple of 64?
False
Is 1547 a multiple of 59?
False
Does 17 divide 4590?
True
Is 34 a factor of 1803?
False
Is 370 a factor of 15910?
True
Is 27 a factor of 1323?
True
Does 13 divide 389?
False
Is 1638 a multiple of 39?
True
Does 316 divide 48502?
False
Does 33 divide 693?
True
Does 55 divide 110?
True
Is 41 a multiple of 6?
False
Is 29120 a multiple of 20?
True
Is 10 a factor of 7360?
True
Is 12 a factor of 612?
True
Is 10 a factor of 1120?
True
Does 8 divide 16?
True
Is 46 a factor of 24687?
False
Does 178 divide 43621?
False
Does 8 divide 5768?
True
Is 522 a multiple of 18?
True
Is 86 a multiple of 8?
False
Is 12827 a multiple of 127?
True
Is 20699 a multiple of 26?
False
Does 13 divide 656?
False
Is 2719 a multiple of 99?
False
Does 10 divide 616?
False
Does 75 divide 4364?
False
Does 84 divide 15755?
False
Does 47 divide 7354?
False
Is 614 a multiple of 15?
False
Is 213 a factor of 9798?
True
Does 18 divide 1386?
True
Is 9 a factor of 15635?
False
Is 97 a factor of 25